 -26 - -44. Calculate the remainder when (-116)/6*3/(-2) is divided by z.
11
Let k(t) = t - 2. What is the remainder when (-55)/(-1) - (2 - 2) is divided by k(10)?
7
Let v(t) = t**2 + 2*t - 26. Calculate the remainder when 1024 is divided by v(8).
52
Calculate the remainder when 134 is divided by (9/(36/292))/1.
61
Let a(l) = -l**3 - 2*l**2 + 2*l + 4. Let h = 2 + 0. Suppose -2*r - h*y + 2 = 0, -2*r + 4*y = r + 25. What is the remainder when a(r) is divided by 3?
1
Suppose 3*f = 5*f - 6, j + 2*f = 216. Let y = j - 85. Suppose y = 5*v - 40. What is the remainder when v is divided by 9?
6
Suppose 0 = -2*m + 3*d + 214, 2*m + 3*d + 25 - 227 = 0. Calculate the remainder when m is divided by 27.
23
Let o(b) = -2*b + 2. Let p be o(-2). Let h(w) = -6*w + 3. Let y(u) = 25*u - 10. Let l(z) = -9*h(z) - 2*y(z). Calculate the remainder when 32 is divided by l(p).
15
Suppose 0*p = 3*p - 390. Suppose 19*n = 32*n - 286. What is the remainder when p is divided by n?
20
Suppose -3*m - m + 276 = 0. Let g = 38 + m. Calculate the remainder when g is divided by 28.
23
Suppose 124*a - 163*a + 1326 = 0. What is the remainder when 195 is divided by a?
25
Suppose 39*i = 783 + 1869. Calculate the remainder when 401 is divided by i.
61
Let w = 780 + -689. Calculate the remainder when w is divided by 12.
7
Suppose 0 = 2*i - 66 + 70. Calculate the remainder when -1 + (-80)/i - (41 + -37) is divided by 13.
9
Let w(b) = -36*b + 163. Calculate the remainder when 236 is divided by w(3).
16
Let u = 217 - 177. What is the remainder when u is divided by 12?
4
Suppose 0 = -8*y + 3*b + 8238 - 1645, 0 = y - 4*b - 806. Calculate the remainder when y is divided by 36.
34
Let b(l) = l**2 + 4*l + 1. Let j be b(-4). Calculate the remainder when 32 is divided by 2 + ((-15)/j)/(-1).
15
Suppose 0 = -4*n + 3*y + 20, 3*y + 15 = 5*n - 10. Suppose -3*k = u - 72, 146 = 4*u + n*k - 149. Calculate the remainder when u is divided by 26.
23
Let j be ((-27)/18)/((-3)/(-4)). Let n be (-42)/(3/(-6) - j). What is the remainder when 110 is divided by 7/n - (-113)/4?
26
Suppose -3*h + 31 = 15*y - 13*y, 0 = -4*y - 2*h + 82. Let v(r) = 3*r**2. Calculate the remainder when y is divided by v(1).
2
Let v be (1 - -5)*(-12)/12. Let u be v/(-24) - 15/(-4). Suppose -u*a + 5*d = -53, -4*a - d + 46 = d. What is the remainder when a is divided by 7?
5
Let r(l) = -2*l**2 + 27*l - 4. Let q(h) = -h**2 + 13*h - 2. Let k(d) = 13*q(d) - 6*r(d). What is the remainder when 19 is divided by k(6)?
3
Let g(d) = d**3 - 17*d**2 + 19. Let u be g(17). Suppose -u*y = -22*y + 303. Calculate the remainder when y is divided by 13.
10
Let h = 290 - 205. What is the remainder when 848 is divided by h?
83
Let b(u) = -u**2 - 12*u + 4. Suppose -i + 36 = -5*i. Calculate the remainder when 61 is divided by b(i).
30
Let g = -365 + 522. Calculate the remainder when g is divided by 46.
19
Let q(p) = 5*p**2 - 17*p + 29. Let h(u) = 6*u**2 - 18*u + 30. Let t(o) = -4*h(o) + 5*q(o). What is the remainder when 45 is divided by t(13)?
20
Let s(a) = 37*a - 4. Let t be s(4). Suppose -3*i + 0*i - 3*m + t = 0, 0 = 3*i + 4*m - 148. What is the remainder when i is divided by 9?
8
Let d = -93 - -499. What is the remainder when d is divided by 37?
36
Suppose -j + 2*d = -30, -12*d + 11*d + 161 = 5*j. What is the remainder when 156 is divided by j?
28
Suppose -5*w = -103 - 17. What is the remainder when 57 is divided by w?
9
What is the remainder when 119 is divided by -6*12/18 + 414/9?
35
Suppose 0 = -4*k + f + 6, 0 = 2*k - 3*f - 4 + 6. Let v(w) = -4*w. Let a be v(k). Calculate the remainder when 62 is divided by (-435)/(-20) + 6/a.
20
Let f(a) = -3*a - 11. Suppose -d = -3*d. Suppose -u + 49 = -4*j, 5*u + j - 125 - 99 = d. What is the remainder when u is divided by f(-9)?
13
Suppose -32 + 38 = 3*g. Suppose -2*h + z = -62, 2*z + 152 = 5*h - g. What is the remainder when h is divided by 22?
8
Let j(i) = i**3 + 13*i**2 + 11*i + 10. Calculate the remainder when 51 is divided by j(-12).
7
Let l = 1286 + -1254. What is the remainder when 54 is divided by l?
22
Let d = 374 + -327. What is the remainder when d is divided by 12?
11
Let r(m) = 6*m**2 - 2*m - 2. Let l be r(-1). Let g(s) = -l*s**2 + 17*s**2 - 4 - 10*s**2. Calculate the remainder when 9 is divided by g(-3).
4
Calculate the remainder when 22 is divided by 1476/90 - 8/20.
6
Let b(x) = x**2. Let k(m) = -5*m**2 - 20*m - 11. Let g(v) = -4*b(v) - k(v). Calculate the remainder when 19 is divided by g(-20).
8
Let v = -137 - -138. Let y(k) = -9*k**3 - k - 1. Let u be y(-1). Suppose -g = 4*m + u, g + v + 13 = -5*m. Calculate the remainder when g is divided by 6.
5
Suppose -5*v + 1949 = -211. Calculate the remainder when v is divided by 87.
84
Calculate the remainder when ((-18)/(-12))/(3/326) is divided by 87.
76
Let q = 163 - 129. What is the remainder when q is divided by 9?
7
Let g(y) = y - 1. Let n be g(5). Suppose 40 = -0*x - n*x. What is the remainder when (-25)/(-5)*(-68)/x is divided by 18?
16
Suppose a = -3*q - 6, -5*a - 15 + 4 = -4*q. Let y be q/(-5) + 1018/10. Suppose -y + 42 = -4*s. What is the remainder when 28 is divided by s?
13
Let n(d) = 3*d**2 - 3. Let t be n(3). Let a = t - 17. Let g(v) = v**3 + 6*v**2 - 10*v - 2. Calculate the remainder when g(-7) is divided by a.
5
Let n = 275 + -194. Let t = n - 30. Calculate the remainder when t is divided by 26.
25
Let b = 203 - 199. What is the remainder when b is divided by 2?
0
Let g(x) = x**2 - 7*x - 1. Let b be g(6). Let f(y) = -y**2 - 8*y + 8. Let h be f(b). Let j = h + -1. Calculate the remainder when 68 is divided by j.
12
Suppose 0 = 2*w - 5*t - 67, 4*w + 16*t - 12*t - 120 = 0. Calculate the remainder when 154 is divided by w.
30
Suppose 320 - 89 = 3*t. Let h(x) = -x**2 - 7*x - 9. Let k be h(-4). What is the remainder when t is divided by k/(-2) - (-440)/16?
25
Let r(i) = -i**3 - 3*i**2 + 6*i + 12. Let z be r(-4). Calculate the remainder when 66 is divided by (z + -2)*(-92)/(-8).
20
Suppose 0 = 69*d - 63*d - 234. Calculate the remainder when 189 is divided by d.
33
Suppose 5*d - 7*d + 218 = 5*q, -d + 46 = q. Calculate the remainder when q is divided by 23.
19
Let n be 4/(-18) - 2/(-9). Suppose 0 = -o + 6 - n. Let z(t) = 2*t**2 - 10*t + 17. Calculate the remainder when z(4) is divided by o.
3
Let j(o) = 3*o**2 + 4*o + 44. What is the remainder when j(-11) is divided by 92?
87
Suppose 4*w - q - 120 = -2*q, -5*w = -3*q - 150. Let g = w - 21. Calculate the remainder when g is divided by 4.
1
Suppose 2*q - 4*o = q + 6, 3*o + 14 = -4*q. What is the remainder when 59/(1 + q + 2) is divided by (1 + 39)*(-3)/(-6)?
19
Suppose 5*j - 3*i = 51, 64 - 22 = 4*j - 3*i. Let b = -39 + j. Let r = -19 - b. Calculate the remainder when 41 is divided by r.
8
Let m be 1*7 + 15 + -17. Suppose 618 = m*p - 3*a - 201, 4*p - 654 = 3*a. Calculate the remainder when p is divided by 42.
39
Let z(l) = 0 + 4 - 2 - 10*l - l**3 + 0 + 11*l**2. Let j be z(10). Suppose -2*h - 26 = -2*w, j + 5 = -w - 4*h. What is the remainder when 25 is divided by w?
7
Suppose -11 - 34 = -5*a. What is the remainder when 227/a - (1 + 7/(-9)) is divided by 10?
5
Let l = 74 + -47. What is the remainder when 1406/14 + 256/448 is divided by l?
20
What is the remainder when -3 + 438/12 - (-2)/4 is divided by 23?
11
Let w(r) = -r**3 - 5*r**2 + 13*r - 2. Let q be w(-7). Let j(x) = 13*x - 56. Calculate the remainder when j(q) is divided by 7.
2
What is the remainder when 481 is divided by (17/(-34))/((-5)/40)?
1
Let y = 2 - -16. Suppose 0 = -4*l - k - 0*k + 275, 0 = l - 2*k - 80. What is the remainder when l is divided by y?
16
Let j(w) = -3*w**3 - 2*w**2 - 2*w - 1. Let r be j(-1). Suppose -1 = -0*l - l + r*b, 5*l - 33 = 3*b. Calculate the remainder when 26 is divided by l.
8
Suppose 7330*i - 1264 = 7326*i. Calculate the remainder when i is divided by 32.
28
Suppose a - 2 = -b + 19, -a + 1 = 5*b. Calculate the remainder when 43 is divided by (a/4)/(-3 - 28/(-8)).
4
Suppose 2*f = -1 + 7. Suppose t = f*u, -2*t - 45 = -6*t - 3*u. Let z(o) = o**3 + 9*o**2 - 9*o + 12. Calculate the remainder when t is divided by z(-10).
1
Let d = 2596 - 2527. Calculate the remainder when d is divided by 10.
9
Suppose 3*o - x + 35 = -18, -2*x - 46 = 2*o. Let c = 12 + o. Calculate the remainder when 29 is divided by c/(-14) + (-62)/(-